{"id":314,"date":"2023-12-18T15:53:18","date_gmt":"2023-12-18T14:53:18","guid":{"rendered":"https:\/\/montflours.fr\/?page_id=314"},"modified":"2024-08-27T12:32:39","modified_gmt":"2024-08-27T10:32:39","slug":"federation-des-chasseurs","status":"publish","type":"page","link":"https:\/\/montflours.fr\/?page_id=314","title":{"rendered":"F\u00e9d\u00e9ration des chasseurs de la Mayenne"},"content":{"rendered":"\n<p>La F\u00e9d\u00e9ration des chasseurs de la Mayenne est une association, de type loi 1901, agr\u00e9\u00e9 au titre de la protection de la nature.<br>Elle est administr\u00e9e par un\u00a0conseil de chasseurs \u00e9lus\u00a0et le fonctionnement est assur\u00e9 par\u00a0des salari\u00e9s.<\/p>\n\n\n\n<h4 class=\"wp-block-heading has-text-align-center\"><a href=\"https:\/\/www.chasse53.fr\/\" target=\"_blank\" rel=\"noreferrer noopener\">Retrouvez toutes les informations de la F\u00e9d\u00e9ration des chasseurs de la Mayenne sur leur site internet.<\/a><\/h4>\n\n\n\n<figure class=\"wp-block-image size-large\"><img loading=\"lazy\" decoding=\"async\" width=\"1024\" height=\"600\" src=\"http:\/\/montflours.fr\/wp-content\/uploads\/2024\/08\/flock-of-birds-350290_1280-e1724754751330-1024x600.jpg\" alt=\"\" class=\"wp-image-573\" srcset=\"https:\/\/montflours.fr\/wp-content\/uploads\/2024\/08\/flock-of-birds-350290_1280-e1724754751330-1024x600.jpg 1024w, https:\/\/montflours.fr\/wp-content\/uploads\/2024\/08\/flock-of-birds-350290_1280-e1724754751330-300x176.jpg 300w, https:\/\/montflours.fr\/wp-content\/uploads\/2024\/08\/flock-of-birds-350290_1280-e1724754751330-768x450.jpg 768w, https:\/\/montflours.fr\/wp-content\/uploads\/2024\/08\/flock-of-birds-350290_1280-e1724754751330-1000x586.jpg 1000w, https:\/\/montflours.fr\/wp-content\/uploads\/2024\/08\/flock-of-birds-350290_1280-e1724754751330-230x135.jpg 230w, https:\/\/montflours.fr\/wp-content\/uploads\/2024\/08\/flock-of-birds-350290_1280-e1724754751330-350x205.jpg 350w, https:\/\/montflours.fr\/wp-content\/uploads\/2024\/08\/flock-of-birds-350290_1280-e1724754751330-480x281.jpg 480w, https:\/\/montflours.fr\/wp-content\/uploads\/2024\/08\/flock-of-birds-350290_1280-e1724754751330.jpg 1280w\" sizes=\"auto, (max-width: 1024px) 100vw, 1024px\" \/><\/figure>\n\n\n\n<h2 class=\"wp-block-heading\"><strong>La f\u00e9d\u00e9ration g\u00e8re les hommes :<\/strong><\/h2>\n\n\n\n<p>C\u2019est l\u2019organisme officiel qui f\u00e9d\u00e8re l\u2019ensemble des chasseurs de la Mayenne.<br>La FDCM organise et structure la chasse au sein du d\u00e9partement. Elle repr\u00e9sente les int\u00e9r\u00eats des chasseurs et coordonne leurs efforts dans l\u2019int\u00e9r\u00eat g\u00e9n\u00e9ral.<br>Elle forme et informe les chasseurs.<\/p>\n\n\n\n<h2 class=\"wp-block-heading\"><strong>La f\u00e9d\u00e9ration g\u00e8re les esp\u00e8ces :<\/strong><\/h2>\n\n\n\n<p>Elle est dot\u00e9e d\u2019un personnel qualifi\u00e9 qui apporte leur concours \u00e0 la mise en valeur du patrimoine cyn\u00e9g\u00e9tique d\u00e9partemental et \u00e0 la protection de la faune sauvage.<br>Pour les esp\u00e8ces s\u00e9dentaires, elle met en \u0153uvre les moyens techniques, humains et mat\u00e9riels pour g\u00e9rer de fa\u00e7on dynamique les populations de la faune sauvage.<br>Pour les esp\u00e8ces migratrices, la FDCM applique des protocoles de suivis nationaux pour suivre l\u2019\u00e9volution de nombreuses esp\u00e8ces (oiseaux d\u2019eau, b\u00e9casse, \u2026).<br>Pour le grand gibier, elle assure la pr\u00e9vention et l\u2019indemnisation des d\u00e9g\u00e2ts de grand gibier.<\/p>\n\n\n\n<h2 class=\"wp-block-heading\"><strong>La f\u00e9d\u00e9ration g\u00e8re les milieux<\/strong><\/h2>\n\n\n\n<p>Elle participe \u00e0 la pr\u00e9servation et \u00e0 l\u2019am\u00e9lioration de l\u2019habitat de la faune sauvage<br>Elle porte la voie de la faune sauvage lors d\u2019am\u00e9nagement d\u2019infrastructure.<br>Elle subventionne la remise en \u00e9tat du bocage ; haies, bosquet et mare.<br>Elle assure un appui technique aupr\u00e8s des acteurs du milieu rural, en charge d\u2019espace naturel. (Valorisation des zones humides pour l\u2019accueil des oiseaux d\u2019eau,\u2026)<\/p>\n\n\n<div class=\"wp-block-image\">\n<figure class=\"aligncenter size-full\"><img loading=\"lazy\" decoding=\"async\" width=\"215\" height=\"97\" src=\"http:\/\/montflours.fr\/wp-content\/uploads\/2024\/08\/Logo-federation-des-chasseurs.png\" alt=\"\" class=\"wp-image-567\"\/><\/figure>\n<\/div>","protected":false},"excerpt":{"rendered":"<p>La F\u00e9d\u00e9ration des chasseurs de la Mayenne est une association, de type loi 1901, agr\u00e9\u00e9 au titre de la protection de la [&hellip;]<\/p>\n","protected":false},"author":1,"featured_media":567,"parent":0,"menu_order":0,"comment_status":"closed","ping_status":"closed","template":"","meta":{"footnotes":""},"class_list":["post-314","page","type-page","status-publish","has-post-thumbnail","hentry"],"yoast_head":"<!-- This site is optimized with the Yoast SEO plugin v22.4 - https:\/\/yoast.com\/wordpress\/plugins\/seo\/ -->\n<title>F\u00e9d\u00e9ration des chasseurs de la Mayenne - Commune de Montflours<\/title>\n<meta name=\"robots\" content=\"index, follow, max-snippet:-1, max-image-preview:large, max-video-preview:-1\" \/>\n<link rel=\"canonical\" href=\"https:\/\/montflours.fr\/?page_id=314\" \/>\n<meta property=\"og:locale\" content=\"fr_FR\" \/>\n<meta property=\"og:type\" content=\"article\" \/>\n<meta property=\"og:title\" content=\"F\u00e9d\u00e9ration des chasseurs de la Mayenne - Commune de Montflours\" \/>\n<meta property=\"og:description\" content=\"La F\u00e9d\u00e9ration des chasseurs de la Mayenne est une association, de type loi 1901, agr\u00e9\u00e9 au titre de la protection de la [&hellip;]\" \/>\n<meta property=\"og:url\" content=\"https:\/\/montflours.fr\/?page_id=314\" \/>\n<meta property=\"og:site_name\" content=\"Commune de Montflours\" \/>\n<meta property=\"article:modified_time\" content=\"2024-08-27T10:32:39+00:00\" \/>\n<meta property=\"og:image\" content=\"http:\/\/montflours.fr\/wp-content\/uploads\/2024\/08\/Logo-federation-des-chasseurs.png\" \/>\n\t<meta property=\"og:image:width\" content=\"215\" \/>\n\t<meta property=\"og:image:height\" content=\"97\" \/>\n\t<meta property=\"og:image:type\" content=\"image\/png\" \/>\n<meta name=\"twitter:card\" content=\"summary_large_image\" \/>\n<meta name=\"twitter:label1\" content=\"Dur\u00e9e de lecture estim\u00e9e\" \/>\n\t<meta name=\"twitter:data1\" content=\"2 minutes\" \/>\n<script type=\"application\/ld+json\" class=\"yoast-schema-graph\">{\"@context\":\"https:\/\/schema.org\",\"@graph\":[{\"@type\":\"WebPage\",\"@id\":\"https:\/\/montflours.fr\/?page_id=314\",\"url\":\"https:\/\/montflours.fr\/?page_id=314\",\"name\":\"F\u00e9d\u00e9ration des chasseurs de la Mayenne - Commune de Montflours\",\"isPartOf\":{\"@id\":\"https:\/\/montflours.fr\/#website\"},\"primaryImageOfPage\":{\"@id\":\"https:\/\/montflours.fr\/?page_id=314#primaryimage\"},\"image\":{\"@id\":\"https:\/\/montflours.fr\/?page_id=314#primaryimage\"},\"thumbnailUrl\":\"https:\/\/montflours.fr\/wp-content\/uploads\/2024\/08\/Logo-federation-des-chasseurs.png\",\"datePublished\":\"2023-12-18T14:53:18+00:00\",\"dateModified\":\"2024-08-27T10:32:39+00:00\",\"breadcrumb\":{\"@id\":\"https:\/\/montflours.fr\/?page_id=314#breadcrumb\"},\"inLanguage\":\"fr-FR\",\"potentialAction\":[{\"@type\":\"ReadAction\",\"target\":[\"https:\/\/montflours.fr\/?page_id=314\"]}]},{\"@type\":\"ImageObject\",\"inLanguage\":\"fr-FR\",\"@id\":\"https:\/\/montflours.fr\/?page_id=314#primaryimage\",\"url\":\"https:\/\/montflours.fr\/wp-content\/uploads\/2024\/08\/Logo-federation-des-chasseurs.png\",\"contentUrl\":\"https:\/\/montflours.fr\/wp-content\/uploads\/2024\/08\/Logo-federation-des-chasseurs.png\",\"width\":215,\"height\":97},{\"@type\":\"BreadcrumbList\",\"@id\":\"https:\/\/montflours.fr\/?page_id=314#breadcrumb\",\"itemListElement\":[{\"@type\":\"ListItem\",\"position\":1,\"name\":\"Accueil\",\"item\":\"https:\/\/montflours.fr\/\"},{\"@type\":\"ListItem\",\"position\":2,\"name\":\"F\u00e9d\u00e9ration des chasseurs de la Mayenne\"}]},{\"@type\":\"WebSite\",\"@id\":\"https:\/\/montflours.fr\/#website\",\"url\":\"https:\/\/montflours.fr\/\",\"name\":\"Commune de Montflours\",\"description\":\"\",\"publisher\":{\"@id\":\"https:\/\/montflours.fr\/#organization\"},\"potentialAction\":[{\"@type\":\"SearchAction\",\"target\":{\"@type\":\"EntryPoint\",\"urlTemplate\":\"https:\/\/montflours.fr\/?s={search_term_string}\"},\"query-input\":\"required name=search_term_string\"}],\"inLanguage\":\"fr-FR\"},{\"@type\":\"Organization\",\"@id\":\"https:\/\/montflours.fr\/#organization\",\"name\":\"Commune de Montflours\",\"url\":\"https:\/\/montflours.fr\/\",\"logo\":{\"@type\":\"ImageObject\",\"inLanguage\":\"fr-FR\",\"@id\":\"https:\/\/montflours.fr\/#\/schema\/logo\/image\/\",\"url\":\"https:\/\/montflours.fr\/wp-content\/uploads\/2023\/02\/cropped-Logo-armoiries-montflours.png\",\"contentUrl\":\"https:\/\/montflours.fr\/wp-content\/uploads\/2023\/02\/cropped-Logo-armoiries-montflours.png\",\"width\":576,\"height\":611,\"caption\":\"Commune de Montflours\"},\"image\":{\"@id\":\"https:\/\/montflours.fr\/#\/schema\/logo\/image\/\"}}]}<\/script>\n<!-- \/ Yoast SEO plugin. -->","yoast_head_json":{"title":"F\u00e9d\u00e9ration des chasseurs de la Mayenne - Commune de Montflours","robots":{"index":"index","follow":"follow","max-snippet":"max-snippet:-1","max-image-preview":"max-image-preview:large","max-video-preview":"max-video-preview:-1"},"canonical":"https:\/\/montflours.fr\/?page_id=314","og_locale":"fr_FR","og_type":"article","og_title":"F\u00e9d\u00e9ration des chasseurs de la Mayenne - Commune de Montflours","og_description":"La F\u00e9d\u00e9ration des chasseurs de la Mayenne est une association, de type loi 1901, agr\u00e9\u00e9 au titre de la protection de la [&hellip;]","og_url":"https:\/\/montflours.fr\/?page_id=314","og_site_name":"Commune de Montflours","article_modified_time":"2024-08-27T10:32:39+00:00","og_image":[{"width":215,"height":97,"url":"http:\/\/montflours.fr\/wp-content\/uploads\/2024\/08\/Logo-federation-des-chasseurs.png","type":"image\/png"}],"twitter_card":"summary_large_image","twitter_misc":{"Dur\u00e9e de lecture estim\u00e9e":"2 minutes"},"schema":{"@context":"https:\/\/schema.org","@graph":[{"@type":"WebPage","@id":"https:\/\/montflours.fr\/?page_id=314","url":"https:\/\/montflours.fr\/?page_id=314","name":"F\u00e9d\u00e9ration des chasseurs de la Mayenne - Commune de Montflours","isPartOf":{"@id":"https:\/\/montflours.fr\/#website"},"primaryImageOfPage":{"@id":"https:\/\/montflours.fr\/?page_id=314#primaryimage"},"image":{"@id":"https:\/\/montflours.fr\/?page_id=314#primaryimage"},"thumbnailUrl":"https:\/\/montflours.fr\/wp-content\/uploads\/2024\/08\/Logo-federation-des-chasseurs.png","datePublished":"2023-12-18T14:53:18+00:00","dateModified":"2024-08-27T10:32:39+00:00","breadcrumb":{"@id":"https:\/\/montflours.fr\/?page_id=314#breadcrumb"},"inLanguage":"fr-FR","potentialAction":[{"@type":"ReadAction","target":["https:\/\/montflours.fr\/?page_id=314"]}]},{"@type":"ImageObject","inLanguage":"fr-FR","@id":"https:\/\/montflours.fr\/?page_id=314#primaryimage","url":"https:\/\/montflours.fr\/wp-content\/uploads\/2024\/08\/Logo-federation-des-chasseurs.png","contentUrl":"https:\/\/montflours.fr\/wp-content\/uploads\/2024\/08\/Logo-federation-des-chasseurs.png","width":215,"height":97},{"@type":"BreadcrumbList","@id":"https:\/\/montflours.fr\/?page_id=314#breadcrumb","itemListElement":[{"@type":"ListItem","position":1,"name":"Accueil","item":"https:\/\/montflours.fr\/"},{"@type":"ListItem","position":2,"name":"F\u00e9d\u00e9ration des chasseurs de la Mayenne"}]},{"@type":"WebSite","@id":"https:\/\/montflours.fr\/#website","url":"https:\/\/montflours.fr\/","name":"Commune de Montflours","description":"","publisher":{"@id":"https:\/\/montflours.fr\/#organization"},"potentialAction":[{"@type":"SearchAction","target":{"@type":"EntryPoint","urlTemplate":"https:\/\/montflours.fr\/?s={search_term_string}"},"query-input":"required name=search_term_string"}],"inLanguage":"fr-FR"},{"@type":"Organization","@id":"https:\/\/montflours.fr\/#organization","name":"Commune de Montflours","url":"https:\/\/montflours.fr\/","logo":{"@type":"ImageObject","inLanguage":"fr-FR","@id":"https:\/\/montflours.fr\/#\/schema\/logo\/image\/","url":"https:\/\/montflours.fr\/wp-content\/uploads\/2023\/02\/cropped-Logo-armoiries-montflours.png","contentUrl":"https:\/\/montflours.fr\/wp-content\/uploads\/2023\/02\/cropped-Logo-armoiries-montflours.png","width":576,"height":611,"caption":"Commune de Montflours"},"image":{"@id":"https:\/\/montflours.fr\/#\/schema\/logo\/image\/"}}]}},"_links":{"self":[{"href":"https:\/\/montflours.fr\/index.php?rest_route=\/wp\/v2\/pages\/314","targetHints":{"allow":["GET"]}}],"collection":[{"href":"https:\/\/montflours.fr\/index.php?rest_route=\/wp\/v2\/pages"}],"about":[{"href":"https:\/\/montflours.fr\/index.php?rest_route=\/wp\/v2\/types\/page"}],"author":[{"embeddable":true,"href":"https:\/\/montflours.fr\/index.php?rest_route=\/wp\/v2\/users\/1"}],"replies":[{"embeddable":true,"href":"https:\/\/montflours.fr\/index.php?rest_route=%2Fwp%2Fv2%2Fcomments&post=314"}],"version-history":[{"count":6,"href":"https:\/\/montflours.fr\/index.php?rest_route=\/wp\/v2\/pages\/314\/revisions"}],"predecessor-version":[{"id":576,"href":"https:\/\/montflours.fr\/index.php?rest_route=\/wp\/v2\/pages\/314\/revisions\/576"}],"wp:featuredmedia":[{"embeddable":true,"href":"https:\/\/montflours.fr\/index.php?rest_route=\/wp\/v2\/media\/567"}],"wp:attachment":[{"href":"https:\/\/montflours.fr\/index.php?rest_route=%2Fwp%2Fv2%2Fmedia&parent=314"}],"curies":[{"name":"wp","href":"https:\/\/api.w.org\/{rel}","templated":true}]}}